 = 7*t**3 + 461*t**2 + 15*t + 5375. What is d(-66)?
29
Let z(o) = -17*o**3 + 6446*o**2 - 1129*o - 3046. Calculate z(379).
-14
Let a(s) = 30*s**2 - 28*s - 437. What is a(9)?
1741
Let p(c) = 2*c**2 + 3481*c + 1479948. Calculate p(-1002).
-6
Let d(w) = 448*w + 318. What is d(-2)?
-578
Let n(j) = -j**2 + 6492*j - 19474. Calculate n(3).
-7
Let j(z) = 16*z**2 + 269*z - 80458. Calculate j(63).
-7
Let w(a) = 19695*a + 4391984. What is w(-223)?
-1
Let g(w) = 389*w + 115541. Determine g(-296).
397
Let n(i) = -28*i**2 + 454*i - 1133. What is n(13)?
37
Let r(f) = -2*f**2 + 22119*f + 110642. Determine r(-5).
-3
Let m(q) = 2*q**3 + 254*q**2 + 107*q + 13349. Determine m(-127).
-240
Let t(v) = 93*v**2 - 152*v - 389. Give t(3).
-8
Let x(n) = n**3 + 342*n**2 + 20781*n + 1065. What is x(-263)?
13
Let r(m) = -m**3 - 240*m**2 - 4798*m - 2. Calculate r(-22).
42
Let z(v) = 7*v**2 - 94*v - 365. Determine z(13).
-404
Let d(y) = 161*y - 35034. Calculate d(216).
-258
Let g(b) = -623*b**2 - 2996*b + 600. Calculate g(-5).
5
Let d(f) = 2*f**3 + 94*f**2 - 128*f - 1492. Determine d(-48).
44
Let k(h) = 242*h**2 + 9227*h - 19428. Determine k(2).
-6
Let u(l) = 24*l**2 + 925*l - 1388. Determine u(-40).
12
Let h(y) = 261*y - 20299. What is h(76)?
-463
Let c(g) = 30*g**2 - 59*g - 233. What is c(-5)?
812
Let z(w) = -w**2 - 119*w - 783. Give z(-7).
1
Let j(x) = -7*x**3 - 499*x**2 + 121259*x - 192. What is j(-172)?
-20
Let d(g) = -22578*g**2 - 587036*g - 202. What is d(-26)?
6
Let y(u) = 78097*u + 390484. What is y(-5)?
-1
Let w(a) = -a**3 - 643*a**2 - 3228*a - 212. Calculate w(-5).
-22
Let z(g) = g**3 - 48*g**2 + 70*g - 271. Give z(47).
810
Let q(l) = 466*l**2 - 22216*l - 7295. Determine q(48).
1
Let p(v) = v**3 + 196*v**2 + 3367*v + 689. What is p(-177)?
-19
Let u(i) = -2*i**3 + 1084*i**2 - 1044*i - 20533. Calculate u(541).
25
Let s(k) = -595*k + 7511. Determine s(11).
966
Let s(c) = -4*c**3 + 1486*c**2 - 117*c - 231875. What is s(371)?
0
Let i(f) = -f**3 + 198*f**2 - 210*f + 2566. Determine i(197).
5
Let f(n) = -244*n**2 + 158*n + 327. Determine f(-1).
-75
Let g(y) = y**3 + 2048*y**2 + 281191*y - 17100. Calculate g(-1900).
0
Let k(s) = -s**2 + 898*s + 53437. Determine k(-56).
13
Let c(p) = 1226*p - 20774. Calculate c(17).
68
Let h(r) = -265*r**2 + 22789*r + 7. What is h(86)?
-79
Let d(s) = -s**3 + 17*s**2 - 16*s. Determine d(1).
0
Let f(c) = c**3 + 572*c**2 - 573*c - 19. Give f(-573).
-19
Let t(g) = -1680*g - 77478. Determine t(-46).
-198
Let c(v) = v**3 - 2*v**2 + 8*v - 3. Determine c(0).
-3
Let v(d) = 89*d**2 + 746*d - 1865. Calculate v(2).
-17
Let j(y) = -66744*y - 399882. Give j(-6).
582
Let u(k) = 63*k**2 - 24550*k - 7777. Calculate u(390).
23
Let n(v) = -1052*v + 142008. Determine n(135).
-12
Let a(z) = -1516*z + 11091. Determine a(6).
1995
Let r(t) = t**3 - 17*t**2 + 15264*t - 338249. Determine r(22).
-21
Let n(h) = -2610*h + 45428. Determine n(16).
3668
Let w(q) = -10*q**2 - 6092*q + 87191. Calculate w(14).
-57
Let j(k) = k**3 - 157*k**2 - 663*k + 343. Determine j(161).
-2716
Let z(k) = -k**2 + 668*k - 27326. Calculate z(624).
130
Let r(z) = -17589*z - 2742. Determine r(0).
-2742
Let z(s) = -3*s**2 - 341*s - 4165. Give z(-14).
21
Let r(y) = -1637*y + 640061. Give r(391).
-6
Let d(y) = -971523*y - 5829145. Determine d(-6).
-7
Let a(q) = -19*q**2 - 275*q - 837. What is a(-10)?
13
Let s(x) = -53*x**2 - 557*x + 1714. Give s(-13).
-2
Let k(x) = x**3 - 3544*x - 3361. Give k(60).
-1
Let s(c) = 19*c**2 - 2361*c - 19404. Determine s(132).
0
Let h(k) = k**3 + 60*k**2 - 500*k + 586. What is h(6)?
-38
Let t(q) = 14*q + 189. Give t(20).
469
Let d(l) = 4354*l - 248186. What is d(57)?
-8
Let j(t) = t**2 + 16106*t - 775305. Calculate j(48).
87
Let d(v) = 2242*v + 394597. What is d(-176)?
5
Let m(x) = -7*x**2 + 412*x - 5155. What is m(18)?
-7
Let g(v) = -1271129*v - 7626758. Determine g(-6).
16
Let c(g) = g**3 + 10*g**2 + 60*g + 189. Give c(-4).
45
Let i(j) = 131*j - 3094. Determine i(14).
-1260
Let r(j) = -24523*j + 3089903. Give r(126).
5
Let i(f) = f**2 + 2203*f + 86559. Give i(-40).
39
Let x(m) = -2920*m + 79056. Calculate x(27).
216
Let t(z) = -6*z**3 + 138*z**2 - 44*z + 57. Calculate t(23).
-955
Let n(u) = -u**3 - 13*u**2 + 204*u + 1212. Calculate n(-5).
-8
Let y(h) = -h**3 + 75*h**2 + 155*h - 200. Determine y(77).
-123
Let y(z) = z**3 - 2*z**2 - 534*z - 3350. Determine y(-7).
-53
Let d(n) = -501*n**2 - 300096*n + 1803. Give d(-599).
6
Let z(l) = 248*l**3 + 63*l**2 - 80*l + 17. Determine z(1).
248
Let n(h) = -h**3 - 820*h**2 - 5057*h - 140828. Determine n(-814).
-6
Let f(r) = 59*r**2 + 15455*r + 14618. Determine f(-261).
2
Let f(c) = 7592*c - 1571537. Calculate f(207).
7
Let t(a) = 7512*a - 127711. What is t(17)?
-7
Let h(r) = 5*r**3 + 2494*r**2 + 1990*r - 1300. Give h(-498).
-304
Let h(z) = 51*z**2 - 762*z + 831. Determine h(14).
159
Let r(a) = -1199*a - 20384. Give r(-17).
-1
Let w(z) = -11*z**3 + 3*z**2 + 1298*z + 2593. Determine w(-2).
97
Let b(h) = -3259*h + 13047. Determine b(4).
11
Let m(p) = 22*p**2 + 7722*p + 75019. Give m(-10).
-1
Let x(v) = -384*v + 131. Determine x(3).
-1021
Let s(j) = -j**3 + 57*j**2 - 559*j - 1871. Calculate s(43).
-22
Let p(v) = -3789*v + 59344. Calculate p(14).
6298
Let n(y) = 7886*y - 31576. Determine n(4).
-32
Let o(m) = -m**3 + 93*m**2 + 890*m + 2812. Give o(102).
-44
Let n(z) = 53*z**2 + 132*z + 31. Calculate n(6).
2731
Let i(p) = p**2 - 297*p - 10265. Calculate i(-31).
-97
Let h(g) = -g**3 - 93*g**2 - 250*g + 1733. Calculate h(-90).
-67
Let p(d) = 582*d + 7097. Give p(-13).
-469
Let i(m) = 21*m**2 + 136*m + 132. Calculate i(-1).
17
Let z(s) = -337*s**2 + 41784*s + 496. What is z(124)?
0
Let z(t) = t**3 - 218*t**2 + 158*t + 59183. What is z(216)?
-1
Let w(o) = 185*o**2 + 9*o - 45. Determine w(-2).
677
Let i(n) = -2*n**2 + 559*n + 31442. What is i(-48)?
2
Let p(a) = 11*a**2 + 875*a + 1271. Determine p(-78).
-55
Let v(b) = -b**2 + 456*b - 42562. Give v(327).
-379
Let u(d) = -609*d**2 + 4091*d + 1182. Determine u(7).
-22
Let j(d) = -d**2 - 3615*d - 54005. What is j(-15)?
-5
Let p(c) = 3*c**3 - 22*c**2 + 1880*c - 13100. What is p(7)?
11
Let q(d) = -2*d**3 - 268*d**2 - 9*d - 1018. Give q(-134).
188
Let x(t) = -2*t**3 - 151*t**2 - 1416*t - 1083. What is x(-10)?
-23
Let l(d) = 117243*d + 3634532. Calculate l(-31).
-1
Let b(s) = -67*s**3 + 90*s**2 - 107*s + 11. Give b(2).
-379
Let f(k) = 2*k**3 + 40*k**2 + 496*k + 1420. What is f(-4)?
-52
Let r(y) = -2*y**3 - 46*y**2 - 52*y - 13. Calculate r(-22).
163
Let w(l) = 93758*l + 187499. Determine w(-2).
-17
Let c(d) = 6*d**3 + 3*d**2 + 9*d - 24. Give c(-4).
-396
Let f(j) = 1957*j - 2066574. Determine f(1056).
18
Let p(b) = -b**2 - 39*b + 5. Calculate p(35).
-2585
Let a(l) = l**3 - 37*l**2 + 3577*l - 132339. Determine a(37).
10
Let s(f) = 3*f**3 - 497*f**2 + 7184*f + 6. Determine s(16).
6
Let c(n) = -7*n**2 - 1141*n - 8676. Determine c(-155).
4
Let z(s) = -3*s**2 + 691*s + 4173. Give z(-6).
-81
Let s(a) = a**2 - 21*a - 106. Determine s(10).
-216
Let z(w) = -283*w + 20504. Determine z(72).
128
Let d(t) = -32*t + 4874. Give d(141).
362
Let g(i) = 7*i**2 + 39*i - 3466. What is g(-24)?
-370
Let o(t) = -562*t - 148377. Give o(-264).
-9
Let t(h) = -h**3 - 131*h**2 - 173*h - 5703. Determine t(-130).
-113
Let u(r) = 2*r**2 + 1485*r - 330962. Give u(-922).
36
Let y(m) = -9*m**2 - 320*m - 909. Give y(-31).
362
Let h(j) = -j**2 - 15766*j - 1020555. Determine h(-65).
10
Let x(q) = -2412*q - 38439. Give x(-16).
153
Let q(f) = -17*f**2 - 14*f - 311. Determine q(-10).
-1871
Let y(b) = 167*b - 1999. Determine y(12).
5
Let a(z) = -4*z**3 + 762*z**2 - 444*z + 12184. Determine a(190).
24
Let a(c) = 2*c**3 + 299*c**2 - 431*c + 437. Calculate a(-151).
-2885
Let l(g) = g**2 + 64187*g - 513558. Calculate l(8).
2
Let u(w) = 1175*w - 115166. Determine u(98).
-16
Let s(w) = -1251*w**3 + 30*w**2 + 23*w + 20. Determine s(-1).
1278
Let o(t) = -704*t - 73210. What is o(-104)?
6
Let n(b) = -360*b - 63351. What is n(-176)?
9
Let b(x) = -3746*x - 37210. Calculate b(-10).
250
Let i(v) = 256*v**2 + 72*v - 128. Determine i(2).
1040
Let i(k) = -k**3 + 19*k**2 + k - 112. Calculate i(18).
230
Let h(g) = -g**2 + 554890*g - 2774435. Give h(5).
-10
Let g(p) = -27072*p - 5847545. Give g(-216).
7
Let h(g) = 2*g**3 - 48*g**2 - 125*g - 1005. What is h(2